**2 + 8*p - 29. Let v(b) = 5*i(b) + 2*x(b). Let m be v(-5). What is the highest common factor of m and 35?
7
Let t = -84 + 86. What is the greatest common factor of 40 and t?
2
Suppose -5*w + 26 = 2*s, 5*s - 4*w - 1 + 2 = 0. Suppose 2*c + 2 = 0, -3*c = j + s*j - 17. Suppose -j*b + 24 = -b. What is the greatest common factor of 4 and b?
2
Suppose -u - 14 + 65 = c, -8 = -4*u. Let p = c - 36. Calculate the greatest common divisor of p and 13.
13
Let x = -6 + 11. Let o(c) = 1 + 3*c - 3*c**2 + 5*c**2 - x*c**2 + 4*c**2. Let r be o(-4). What is the highest common divisor of 25 and r?
5
Let t(s) be the third derivative of s**5/30 + s**4/12 + 2*s**3/3 - 4*s**2. Let u be t(6). Calculate the highest common factor of 11 and u.
11
Let y be 9 - (5 + 2 + -5 + 2). Suppose -4*l + 3*o = -45, 2*l + o = y*o + 10. What is the highest common factor of l and 9?
3
Let s(o) = 17*o - 275. Let w be s(17). What is the greatest common factor of w and 1806?
14
Suppose 105 = 5*s + a - 6*a, 83 = 4*s - 3*a. Let p = 21 - s. Let w be (3/7)/((-3)/(-21)). What is the highest common divisor of w and p?
1
Let u = 261 - 142. Let s = 260 - u. What is the highest common factor of s and 47?
47
Let j(a) = -a**2 - 17*a - 10. Let i be j(-14). Let f = 35 - i. What is the highest common divisor of 33 and f?
3
Let t be (100/(-5))/(1/(-5)). What is the greatest common factor of t and 25?
25
Let z = -277 - -387. Calculate the highest common divisor of 22 and z.
22
Suppose -5*h = -0*h - 180. Let f be 21 + (-6 - -2 - -7). Suppose 4*r - 3*j - 5 = -r, f = r + 4*j. What is the highest common factor of h and r?
4
Let s be (1 - 0)*(1 + -2). Let t = s + 6. Suppose 4*i + 8 = -4*n - 4, -t*n - 3 = 2*i. Calculate the greatest common factor of 5 and n.
1
Suppose -269 = 5*w + 161. Let k = w + 414. What is the greatest common divisor of k and 41?
41
Suppose -3*u = -6*u + 2*c + 212, -2*u + 150 = 3*c. Calculate the highest common factor of 192 and u.
24
Let q(a) = -47*a + 348. Let k be q(6). Calculate the highest common factor of k and 12.
6
Suppose h - 28 = -12. Let j = h - 15. Let t be (12/(-36))/(j/(-6)). Calculate the greatest common factor of 1 and t.
1
Let w(z) = z**3 + 35*z**2 + 105*z - 22. Let l be w(-31). What is the highest common factor of 21 and l?
21
Let d be (-725)/10*(6 + (-64)/4). What is the highest common factor of d and 25?
25
Let p(r) = -65*r**2 + 6*r + 2. Let z(n) = -64*n**2 + 6*n + 2. Let h(x) = -6*p(x) + 5*z(x). Let c be h(2). What is the highest common divisor of 38 and c?
38
Let c(q) = -11*q - 22. Let b be c(-12). Suppose 0 = -3*n + 100 + b. Calculate the highest common factor of n and 105.
35
Let j(l) = l**3 + 4*l**2 + 2*l - 1. Let a be (6/(-4))/(2/4). Let y be j(a). Let k be 4*(5 + (-9)/2). Calculate the greatest common factor of k and y.
2
Let q = -66 - -100. Suppose 7*w = 6*w + q. Calculate the greatest common divisor of w and 102.
34
Suppose -3*x + 902 - 686 = 0. Calculate the highest common factor of 16 and x.
8
Suppose -w = -2*z + 997, 0 = -5*z + 4*w + 4141 - 1653. What is the highest common divisor of z and 4?
4
Suppose -45*j + 1871 = -52084. What is the greatest common divisor of 109 and j?
109
Suppose -4*c + 277 = 81. Suppose 3*k - 2*k = c. Suppose 0 = -5*j + 101 + k. Calculate the greatest common divisor of 20 and j.
10
Let o(g) = 2*g + 30. Let x be (-3)/4 - 196/16. Let v be o(x). Suppose 6 - 34 = -v*c. What is the greatest common factor of c and 56?
7
Let k(h) = 4*h**2 - 2*h - 3. Let f be k(-2). Let x = -30 + 124. Suppose -5*w + x = b, -b + 104 = -w + 4*w. Calculate the greatest common divisor of f and b.
17
Suppose -2*d + 5*o = -3*d - 15, -5*d + 2*o = -6. Suppose -i = 5*y - 215, d = -y + 2*y - i - 43. What is the highest common factor of 215 and y?
43
Let h = 42 + -153. Let l = 99 - h. Calculate the highest common factor of 30 and l.
30
Suppose 60 = -5*b - 5*z, -2*z - 2*z + 6 = -2*b. Let g(i) = -1 - 7 - i**2 - 4 + 0 - 70*i + 59*i. Let f be g(b). What is the highest common divisor of 12 and f?
6
Let a(m) = m**3 - m**2 - 3*m + 105. Let q be a(0). Let o(z) = -2*z + 5. Let y be o(-5). What is the highest common divisor of y and q?
15
Suppose 0 = 7*w - 706 - 1401. What is the highest common divisor of w and 172?
43
Let r(l) = -l**2 - 12*l - 40. Let c be r(-6). Let f be ((-200)/(-9) - c/(-18)) + -1. What is the highest common divisor of f and 3?
3
Let j = 895 + -863. Calculate the greatest common factor of 1696 and j.
32
Suppose 3*d - 6 = -0. Let c be (-3)/(-6)*30 - 0. Let l = -5 + c. Calculate the highest common factor of d and l.
2
Suppose -b + 4*c + 7 + 10 = 0, -2*b - c + 34 = 0. What is the highest common divisor of b and 323?
17
Let a(z) = -8*z - 15. Let c be a(-5). Let n = c + 10. Calculate the highest common divisor of 35 and n.
35
Suppose -2*d + 3*t + 133 = 0, 4*d - 3*t = 6*d - 139. Suppose 5*z = d + 72. What is the highest common divisor of 4 and z?
4
Suppose 0 = 4*m - 146 + 54. What is the highest common divisor of 2231 and m?
23
Let i = 618 - 594. Let w = -3 - -11. Calculate the highest common divisor of i and w.
8
Let x be ((-468)/(-8) - -1)*2. Calculate the highest common factor of 34 and x.
17
Let f(q) = 2*q**3 - 24*q**2 - 7*q + 15. Let b be f(13). Suppose 265*u - b*u = 210. Calculate the greatest common divisor of u and 14.
14
Let z = 18 + -3. Let h be (-1)/1 + z + 0. Suppose -5*p + 2*n + 101 = 0, -8*p - 3*n - 99 = -13*p. Calculate the highest common divisor of h and p.
7
Let q = -58 - -52. Let a be (-68)/q*5/(30/81). Calculate the highest common factor of a and 17.
17
Suppose -5*q - 3*n + 183 = 0, 0*q - n - 160 = -4*q. Let a be (((-7605)/10)/39)/(1/(-6)). What is the greatest common divisor of a and q?
39
Let y = -124 + 344. Let w(d) = d**3 - 9*d**2 - 23*d + 31. Let r be w(11). What is the highest common divisor of y and r?
20
Suppose -r + 287 = -5*s + 79, s + 832 = 4*r. Let k = r - 64. Let o be (4 + -2 - 2) + k. What is the greatest common divisor of o and 16?
16
Suppose d + 0*z - 5*z - 3 = 0, 42 = -4*d + 2*z. Suppose 2 + 2 = -2*u. Let x be (-20)/(u/d*-4). What is the greatest common factor of 10 and x?
10
Suppose -2*t - 9*a + 108 = 0, 2*a + 60 - 19 = t. Calculate the greatest common divisor of t and 85.
5
Let d = -184 - -187. Calculate the greatest common factor of d and 15.
3
Let b be (-2 + (-2)/4)*(-6)/5. Let g be ((-21)/(-2))/((-11)/(-22)). Calculate the greatest common factor of g and b.
3
Suppose -10*c + 96 = -6*c. Let q = -13 - -18. Suppose 6*l - 36 = q*l. Calculate the highest common factor of l and c.
12
Let b be ((-1)/1)/((-1)/3). Suppose g = 3*n - 126, b = -g - 0*g. Suppose 2*m = 1 + n. Calculate the highest common divisor of m and 7.
7
Let m = 302 + -134. Let u be (m/36)/(-3*2/(-153)). Calculate the greatest common divisor of u and 17.
17
Suppose 3 = k - 4. Let v(c) = -c**3 + 8*c**2 - 5*c + 3. Let p be v(k). Calculate the highest common divisor of 17 and p.
17
Suppose -2*j = 3*v + 1, 4*v - 2*j - 10 = 12. Let y(k) = 5*k**2 - 4 + 3 + 9*k - k - v*k. Let g be y(-5). Calculate the highest common divisor of g and 11.
11
Let h(b) = -113*b**3 + 3*b**2 - 4. Let v be h(-1). Calculate the highest common divisor of v and 176.
16
Let j = -136 - -142. Let a be (-1)/(((-2)/(-4))/((-27)/j)). Calculate the highest common divisor of a and 21.
3
Let x = 2 + 2. Suppose -x*f + 2*v + 24 = 0, 4*f + 3*v - 18 = 8*v. Calculate the highest common divisor of f and 1.
1
Suppose 0 = -o - 0*o - 4. Suppose -4*f + 5990 = 5*m, -2*f + 2*m + 277 = -2727. Let w be (o/10)/((-5)/f). What is the highest common factor of w and 15?
15
Suppose 42*z = 22*z + 4020. Calculate the highest common divisor of 469 and z.
67
Let n(u) = -u**2 + 3*u + 318. Let q be n(18). Let w be ((-90)/(-21))/(2/28). Calculate the greatest common factor of w and q.
12
Suppose g + 39 = 8. Let v = 47 + g. What is the greatest common divisor of 144 and v?
16
Let c = 123 + -74. Let d = c - 29. Calculate the greatest common factor of d and 50.
10
Let d be 2/(-16) - 11649/(-264). What is the greatest common divisor of d and 308?
44
Suppose 35*i - 60 = 31*i. Calculate the greatest common factor of 40 and i.
5
Let x = -40 + 440. Calculate the highest common divisor of x and 32.
16
Suppose 0 = 108*a - 113*a - 15. Let s be (-2)/a*(-3 - -27). Calculate the highest common factor of 4 and s.
4
Let a(s) = -s**3 + 6*s**2 + 7*s 